of n?
3, 13, 241
Let f(b) = -3*b + 2. Let d(u) = -u. Let t(k) = -k**2 + 3*k - 3. Let z be t(2). Let a(p) = z*f(p) + 4*d(p). List the prime factors of a(-7).
5
Suppose p - 84 = -3*p. Suppose p = -3*s + 6*s. Suppose s*w - 2*w = -3*f + 23, 5 = 5*w. List the prime factors of f.
2, 3
Let c be (-24)/5*(-235)/94. Suppose -c*p + 8126 = 2870. What are the prime factors of p?
2, 3, 73
Suppose 4*n - 67026 = 2*v, -4*n - 2*v - 3876 = -70882. What are the prime factors of n?
2, 8377
Let c(q) = -q**2 + 4*q + 12. Let g be c(6). Suppose -x + 10*x + 1026 = g. What are the prime factors of 374/6 + 6 + x/18?
2, 31
Let m(v) = 1034*v**2 - 55. Let j be m(7). Suppose 13*o + 30*o - j = 0. List the prime factors of o.
11, 107
Let g = 14902 + 6583. What are the prime factors of g?
5, 4297
Let a = 2141 + 8576. List the prime factors of a.
7, 1531
Suppose -6*d - 19 = -37. Suppose 6*v = d*f + 9*v - 702, -f = -4*v - 214. What are the prime factors of f?
2, 5, 23
Let k = -22 + 22. Suppose 0 = 5*z - 3*g - 9, z + 4*g + k*g + 12 = 0. Suppose z = -6*w + 144 + 108. What are the prime factors of w?
2, 3, 7
Let f(r) = -r**3 + 8*r**2 + 11*r - 15. Let c = 24 + -15. Let i be f(c). Suppose -p - 418 = -5*z, i*p + 162 = -z + 3*z. List the prime factors of z.
2, 3, 7
Suppose 3*u + 0*s + 16 = s, 4*u = 3*s - 13. Let m = 10 + u. What are the prime factors of (6 - m)/(((-6)/2)/(-108))?
2, 3
Suppose -8*p - 3*a + 7791 = -6*p, 3*p + a - 11676 = 0. Suppose -2*s - 5*l = -p, 0 = -s + 3*l + 1146 + 816. What are the prime factors of s?
3, 7, 31
Let y(g) = g**3 - 3*g**2 - 4*g + 8. Let j be (-33)/11 + (6 + 0 - -1). Let z be y(j). Suppose -z*a + 87 + 321 = 0. List the prime factors of a.
3, 17
List the prime factors of (-16 + 0)*(-371755)/298.
2, 5, 499
Let p = 650 + -462. Suppose -p = -11*j + 3079. What are the prime factors of j?
3, 11
Let x(w) = -829*w - 843. What are the prime factors of x(-61)?
2, 23, 47
Let y be 4/8 + 2085/6. Let f = 582 - y. List the prime factors of f.
2, 3, 13
Let f be (-9)/(-4) + (-6)/24. Suppose 3*u = -f*n + 4, -3*n = 5*u - 0*n - 6. Suppose 3*b + c - 208 = u, 0 = -2*b + 4*b - 4*c - 134. List the prime factors of b.
3, 23
Let r be (229/4)/((-8)/(-32)). Let i = 450 - r. List the prime factors of i.
13, 17
Suppose 18027 = -10*l + 19*l. Suppose 5*b - 350 = -k + l, -3*k = -9. List the prime factors of b.
2, 5, 47
Let g be (-3 - -2)*(-10)/(-20)*6. Let b(u) = -7 + u**2 + 1 + 3. List the prime factors of b(g).
2, 3
Let r(g) = 87*g**2 + 3*g - 3. Let z be r(1). Suppose -3*c = 3*p - 18, -c - 2*p + 10 = 3*p. Suppose 108 + z = c*u. List the prime factors of u.
3, 13
Let u(a) = a**2 + 4*a - 6. Let o = -31 - -25. Let s be u(o). Suppose 608 = s*j + 110. What are the prime factors of j?
83
Suppose -9 = 4*v - 3*m, 20 = 2*m - 6*m. Let n be (3/2)/(v/(-8)). Suppose 51 = 3*w + 2*r, -3*r + 68 = 4*w + n*r. What are the prime factors of w?
17
Let o be (-4060)/15*(-24)/(-16). Let y = o - -588. What are the prime factors of y?
2, 7, 13
Let g = 17 - 13. Let m(u) = -1 + 8*u - 3*u + g + 7. List the prime factors of m(5).
5, 7
Suppose -n = -5*h + 4*n - 5, -3*n = 3*h - 27. Suppose 215 = h*l + r, -l = -4*r - 88 + 30. Suppose -4*q - l = -6*q. List the prime factors of q.
3
Let v(x) = 753*x + 7121. What are the prime factors of v(37)?
2, 17491
Let z = 26493 - -6800. What are the prime factors of z?
13, 197
Suppose -5 = 2*n - 3*l, n + 3*n + 2*l - 14 = 0. Suppose n*p + 14 = 24. Suppose 0*q + q = 3*d + 143, -3*d + 697 = p*q. What are the prime factors of q?
2, 5, 7
Let o(m) = 42*m - 64. Let s be o(8). Let r = 740 - s. List the prime factors of r.
2, 3, 13
Let j(o) = -o**2 + 13*o - 10. Let t(h) = -2*h + 22. Suppose -36 = -4*z - 16. Let v be t(z). What are the prime factors of j(v)?
2
Suppose -3*k - 2*s = -10, -5*k + s + 2 = -6. Suppose -3*g = -r + 73, 75 = r - 0*g - k*g. Suppose r + 421 = 4*n. List the prime factors of n.
5
Let r = 14955 + 31785. What are the prime factors of (r/(-9))/(-4) - (-18)/27?
3, 433
Let o be (5/(-20)*1)/(1/4). What are the prime factors of ((-3 - -5) + o)*137?
137
Suppose -105*j + 648992 + 194263 = 0. What are the prime factors of j?
3, 2677
Let w = -7 - -11. Let i(m) = -m**3 + 8*m**2 - 13*m + 6. Let a be i(6). Suppose a = -w*l + 172 - 24. What are the prime factors of l?
37
Let z = -752 + 1740. Let d be -1*1 + -3 + z/2. Let j = d - 292. What are the prime factors of j?
2, 3, 11
Let k(z) = -z**3 + 60*z**2 + 523*z - 50. List the prime factors of k(62).
2, 1543
Let c = 40836 - 28809. What are the prime factors of c?
3, 19, 211
Suppose 0 = -11*z + 129 + 113. Suppose -17*k + z*k = 1015. Let l = k + -29. List the prime factors of l.
2, 3, 29
Suppose 0 = -103*p + 100*p + 60. Let w be (0 - 15)*(-4)/p. Suppose 4*z + w*j - 948 = 0, -2*j = -3*z + j + 732. List the prime factors of z.
2, 3, 5
Let u(a) = -a**3 - 4*a**2 - 25*a - 96. Let m be u(-4). What are the prime factors of (7468/15 - -3) + m/30?
3, 167
Suppose 5*q - 2*g + 3*g = -5, 0 = 4*g. Let o(j) = -71*j + 15. What are the prime factors of o(q)?
2, 43
Let l be 1 - (4 + -2) - -118. Suppose h + 2*q - 3 = 0, 2*h - 39 = -2*q - 31. Suppose -h*i = -l - 48. What are the prime factors of i?
3, 11
Let i(a) = -130*a + 28*a - 67*a - 45. List the prime factors of i(-2).
293
Let x = 1669 - 2414. Let y = -352 - x. List the prime factors of y.
3, 131
Let t(g) = 335*g**2 + 190*g - 1508. List the prime factors of t(8).
2, 31, 173
Let l be (6*(-4)/20 - -1)*-35. List the prime factors of (-2)/l + (35365/77 - -10).
7, 67
Let j be (-5 - -9)/(4/5). Suppose 5*u + 30 = -5*k + 3*u, j*u + 30 = -5*k. List the prime factors of ((-69)/k)/((-6)/(-36)).
3, 23
Let n = 7778 - 5050. List the prime factors of n.
2, 11, 31
Suppose -50674 = -11*q + 24676. What are the prime factors of q?
2, 5, 137
Suppose -1375*t - 228217 = -1379*t + 5*g, 5*t = 2*g + 285301. List the prime factors of t.
3, 23, 827
Suppose -4*m + 539 = -m + b, -5*b + 523 = 3*m. Suppose -4*h - 4*z - 14 = 138, -5*h + 4*z = m. Let r = 117 + h. What are the prime factors of r?
2, 5
Suppose 6*s - 1924 - 7070 = 0. Suppose -2*a - d + 2983 = 0, -a = 2*d + d - s. List the prime factors of a.
2, 5, 149
Let q(c) = c + 17. Let n be q(-21). What are the prime factors of (-713)/n + 1/(-4)?
2, 89
Suppose 0 = -84*n + 255440 + 638068. What are the prime factors of n?
11, 967
Let b = 28 - -7. Let w = -67 + b. Let u = 84 - w. List the prime factors of u.
2, 29
Suppose -47*m - 20 = -43*m. Let c(q) = -49*q + 42. What are the prime factors of c(m)?
7, 41
Suppose -19*s + 124063 = -8*s - 159858. List the prime factors of s.
53, 487
Suppose -3*c + f + 1056 = 357, f - 693 = -3*c. Let k = c + -122. What are the prime factors of k?
2, 5, 11
Let w(r) = -27*r + 29. Let t = 282 + -281. List the prime factors of w(t).
2
Let s(g) = -g**2 + 11*g + 4. Let a = 40 + -42. Let b(j) = -j**2 + 11*j + 4. Let w(v) = a*s(v) + 3*b(v). List the prime factors of w(11).
2
Suppose 4*z - 4*l = 16, 2*z + 4 = -2*l - 0*l. Let w(r) = 5*r**2 - r + 2. Let k be w(z). Let v = k + 19. List the prime factors of v.
5
Let c(f) = f**2 - 3*f + 3. Let d be c(1). List the prime factors of ((-7)/(-21))/d - 995/(-3).
2, 83
Let z(k) = -2*k**2 - 12*k + 4. Let r be z(-6). Suppose -r*h = 7*h - 55. Suppose 5*d = -h*x + 705, -420 = -2*d - d - 2*x. List the prime factors of d.
2, 3, 23
Let g = 4295 + -2140. What are the prime factors of g?
5, 431
Let h(z) = -17*z - 34. Let x be h(-8). Suppose 4*r = -2*q + 96, -5 - 43 = -2*r - 3*q. Suppose r = 3*p - x. What are the prime factors of p?
2, 3, 7
Let q(p) = -137*p + 52. Let r be q(-7). Suppose 14406 = 15*u + r. List the prime factors of u.
19, 47
Let a = 41 - 75. Let s(t) = 33*t**2 - 21*t. Let x be s(-1). Let v = a + x. What are the prime factors of v?
2, 5
Let n = -13091 + 41671. What are the prime factors of n?
2, 5, 1429
Let c be ((-96)/20)/((-1)/(-5)). Let i = c - -25. Let l(k) = 6*k - 3. List the prime factors of l(i).
3
Let k(h) = 24*h**2 + 2*h + 9. Let j be k(3). Let l = 136 + j. What are the prime factors of l?
367
Let q = -141 - -143. Suppose 0 = -4*h - q*z + 904 + 276, -5*z + 286 = h. Suppose -384 = -8*f + h. What are the prime factors of f?
5, 17
List the prime factors of ((-20)/(20/1))/((-3)/66471).
22157
Let w = -2035 + 2913. Let j = -487 + w. What are the prime factors of j?
17, 23
Suppose 0 = -13*x + 12147 + 9563. Let c = 